Suppose 5474 = 5*u - s, 3*s - 2009 = -3*u + 1279. Let b = u + -567. Calculate the greatest common divisor of b and 44.
44
Let w(o) = -88*o - 8. Let p be w(-1). Let r be (p/6)/((-36)/(-1296)). What is the greatest common factor of r and 30?
30
Let q be (2/((-30)/25)*-3)/(14/210). Calculate the highest common divisor of 8450 and q.
25
Let x = -211 + 213. Let m(v) = v**3 - v**2 - 2*v. Let j be m(3). Suppose x*i - 4*c = i + j, -5*i = c - 60. Calculate the greatest common divisor of i and 12.
12
Suppose -17 = 5*f - 2*f - 5*i, 0 = 3*f + i - 7. Let u = -1872 - -1883. What is the highest common factor of f and u?
1
Suppose 14*m + 176 = 17*m + k, -106 = -2*m + 5*k. Let t be 29*(0 + 1 + 6). What is the highest common divisor of m and t?
29
Let q(y) = 201*y + 8052. Let r be q(-40). Suppose -b - 3*g = -5*b + 261, 4*b = g + 263. What is the highest common divisor of b and r?
6
Suppose -x + 155 = 4*y - 9*y, 0 = -3*x - 2*y + 533. Let h = -39 + x. Calculate the greatest common divisor of h and 102.
34
Let b = 951 - 754. Let r = 442 - b. What is the highest common divisor of r and 35?
35
Suppose -30*i = -416*i + 8974 + 17274. Calculate the greatest common divisor of i and 61948.
68
Let z(c) = 11*c + 70. Let a be z(-18). Let x = -123 - a. Suppose -i - x*i = -330. What is the greatest common divisor of 11 and i?
11
Suppose -2*h + 15*v + 2081 = 16*v, -1045 = -h - 5*v. What is the highest common divisor of h and 455?
65
Suppose 48*j + 4*d = 47*j + 1660, 5030 = 3*j + 2*d. What is the highest common divisor of 105 and j?
105
Let l be -50*1/4*48/(-2). Let q = l - 279. Calculate the highest common factor of q and 28.
7
Let a(j) = -j + 4. Let o be a(-4). Let v be (-32)/(-2) - o/4. Suppose 4*b - 54*b = -255*b + 31570. What is the highest common factor of v and b?
14
Suppose 0 = 4*i - 6*q + 5*q - 659, 0 = -5*i - 2*q + 814. Suppose -3*y = -136 - i. Calculate the greatest common divisor of 800 and y.
100
Suppose 1441 = 8*c - 1463. Calculate the greatest common factor of c and 231.
33
Let d = 61083 + -61015. Suppose -p - v + 19 = 1, 5*p + 3*v - 86 = 0. What is the highest common divisor of d and p?
4
Let p = 1 - -167. Let b be (-48)/p + 520/7. Suppose 21 = 5*m - b. Calculate the greatest common factor of 19 and m.
19
Suppose 2*q = -0*q - 2, 5*q = -2*j + 61. Suppose -34*g = -j*g - 10. Let k(t) = 20*t**2 + t - 1. Let p be k(1). What is the highest common divisor of p and g?
10
Let a be (-80)/60*15/(-4) + -1. Let m(n) = -n**2 - 14*n - 11. Let d be m(-12). Calculate the highest common divisor of a and d.
1
Suppose 0 = 863*v - 759*v - 425360. Calculate the highest common factor of 10 and v.
10
Suppose 58*w - 5840 + 1258 = 0. What is the highest common divisor of w and 1343?
79
Suppose -3*z + 46 = 34. Suppose z*u + 166 - 1454 = 0. What is the highest common divisor of u and 14?
14
Suppose -3*l = 2*w - 3757 - 401, -5*l + 10395 = 5*w. Calculate the highest common factor of 924 and w.
231
Let x(s) = 3*s**2 + s + 24. Let a be x(-8). Suppose 4*l + 5*t = 850, -l - t = -2*t - a. What is the highest common factor of 42 and l?
42
Let d(h) = -53*h - 303. Let g be d(-30). Calculate the greatest common divisor of 468 and g.
117
Suppose -2*y + 161 + 111 = 4*s, -2*y = -4*s + 280. What is the highest common divisor of s and 1886?
23
Let r be 12/1*(-1 - (3 + -3)). Let z be 9/((-27)/r) - -108. Suppose -5*c = -53 - z. What is the highest common factor of c and 3?
3
Let s be (-12)/(-42) - 2125/(-35). Calculate the highest common divisor of s and 5063.
61
Let c be (-4)/(-28) - (-1248)/84. What is the greatest common factor of 840 and c?
15
Let q be 2 - (-19374)/48 - 48/(-128). Calculate the greatest common factor of q and 182.
14
Let l(q) = 38*q - 2100. Let c be l(60). Calculate the greatest common factor of 324 and c.
36
Suppose 12*f + 29*f - 25038 = 2*f. Calculate the greatest common factor of f and 24.
6
Let u(j) = -18*j - 11 - j**2 + 0*j**2 + 0*j - 4*j. Suppose 0 = -354*m + 355*m + 20. Let c be u(m). Calculate the greatest common factor of c and 319.
29
Suppose -185*r + 182*r + 195 = 0. Let v be 2 - 0/2 - -2. Suppose 5*a = -2*k + 6, 5*a + 4 = v*a. Calculate the greatest common factor of k and r.
13
Let l(c) = -c**2 - c. Let h(w) = -3*w**2 - 14*w + 11. Let r(p) = -h(p) + 4*l(p). Let f be r(7). What is the highest common factor of f and 25?
5
Let j be 455 + (-2)/(8/20). Suppose j = 4*f + f. What is the greatest common factor of f and 36?
18
Let j be (-39 - (18 + -33))/((-6)/1252). What is the greatest common divisor of j and 64?
16
Suppose -4*u = -3*f - 107, 4*f + 43 = 3*u - 2*u. Suppose -154*y = -451*y - 177*y + 10902. Calculate the greatest common factor of u and y.
23
Let d(m) = m**3 - 3*m + 2. Let s be d(4). Suppose -x = -9*a + 100, -15*a - 5*x = -18*a - 4. What is the highest common factor of s and a?
6
Let a = 148 - 126. Suppose 30 + a = 2*g. What is the greatest common divisor of 169 and g?
13
Let n be (-700)/28 + (1 - -496). Calculate the highest common divisor of n and 88.
8
Let k = -262 - -391. Let x = 27 + k. What is the highest common factor of x and 26?
26
Let t = 5 + 31. Let s = 74 - t. Let u = 42 - 23. What is the highest common factor of s and u?
19
Let w be 1*(3 + -1 + 278). Let r be 54*20/90 + 16. What is the greatest common factor of w and r?
28
Suppose -227 = -5*q + c, 5*q + 16821*c - 16818*c = 299. Suppose 4*b + 21 = 105. Calculate the greatest common divisor of q and b.
7
Let m be 179 + -1 - (3 + -4)*2. Suppose -3*h - 3*h + m = 0. Let w = h - 21. Calculate the highest common factor of 45 and w.
9
Let t be ((-102)/68)/(1/(-226)). Let y = t + -269. Calculate the highest common factor of y and 14.
14
Let x(n) = -n**3 + 22*n**2 + 2. Let l be x(22). Suppose 2*w - 128 = -l*w + 5*g, 0 = 2*w - g - 64. What is the highest common divisor of 224 and w?
32
Let l = 29 + -53. Let r be 1 - (-28)/l - (-57)/18. Suppose 2*h = -0*h + 54. What is the highest common divisor of h and r?
3
Suppose -7*i + 3*i - 2*y = -622, -2*i + 305 = -5*y. What is the highest common divisor of i and 145?
5
Let r = -234 - -450. Let f be -2 + (3 - -2) + 56. Let m = f + -32. Calculate the greatest common factor of r and m.
27
Suppose 4*c + 2*c = 30. Suppose c*a - 5*k - 595 = 0, 226 = 2*a + 2*k - 0*k. Calculate the highest common divisor of a and 4.
4
Let m(u) = u**3 - 38*u**2 - 80*u + 52. Let g be m(40). Let y be ((-3900)/(-9))/((-6)/(-18)). Calculate the greatest common factor of g and y.
52
Suppose -q + 4*p = 20, q - 5*q = -5*p + 25. Suppose -2340 = -q*b - 13*b. Calculate the highest common factor of 72 and b.
36
Suppose -4*f + 785 = 5*j - 317, -10 = -5*j. Suppose -14*m + 23188 - 22894 = 0. Calculate the highest common factor of f and m.
21
Suppose -x + 3*x - 900 = -2*a, 4*x = -5*a + 1802. Suppose 27 = 3*b - 58*s + 63*s, 4*s = 3*b - 54. Calculate the greatest common factor of b and x.
14
Let c(m) = -m + 75. Let b be c(-15). Let q = 94 - b. What is the highest common factor of q and 1?
1
Suppose 14*w - 30 = 8*w. Suppose n - 68 = u, -w*n = 5*u - 501 + 111. What is the greatest common factor of n and 73?
73
Suppose -78*j + 67*j + 48 + 216 = 0. Calculate the greatest common divisor of j and 447.
3
Let v(d) = -d + 34. Let j be v(-17). Suppose 48*m + 576 = j*m. Calculate the greatest common divisor of m and 144.
48
Suppose v - 4*b - 32 = 0, -2*v + v + 7 = b. Suppose 27 + 113 = 5*n. Suppose -4*j + 20 = -n. Calculate the highest common factor of j and v.
12
Suppose -5*o - 2*l = -334, -4*o + 345*l - 342*l + 258 = 0. Calculate the highest common divisor of o and 66.
66
Let f(n) = n**2 + 7*n - 8. Let q be f(-10). Let x = 1158 - 3. Let j be ((-8)/10)/((-42)/x). What is the greatest common divisor of q and j?
22
Let z(v) = 63*v - 33*v - 33*v + 70. Let h be z(16). Calculate the greatest common divisor of 330 and h.
22
Let b(a) = -a + 13. Let n be b(8). Suppose 0 = 8*s - 3*s, -s = n*x - 985. Suppose 4*o = -x + 813. Calculate the greatest common factor of o and 22.
22
Let i = -12663 - -13177. Calculate the greatest common factor of 8 and i.
2
Suppose 165 = 3*h - 3*f, 4*h = -5*f - 83 + 348. Suppose 0 = -16*p - 47*p + 1260. What is the highest common divisor of p and h?
20
Let r(l) = 18*l**2 - 21*l + 6. Let d be r(5). What is the greatest common divisor of d and 1593?
27
Let v be -8 + (0 - 201)*(-4)/12. What is the highest comm